13 - 10?
-22223
In base 10, what is -20 + -7884?
-7904
In base 7, what is -153 - -53?
-100
In base 15, what is 50e - -39?
548
In base 11, what is 44692 + 5?
44697
In base 9, what is -3 - -127224?
127221
In base 14, what is -2461 + -3?
-2464
In base 2, what is -1010011111111 + -1011?
-1010100001010
In base 8, what is 5 - 20576?
-20571
In base 10, what is -59 + -4485?
-4544
In base 11, what is -6a + 7?
-63
In base 11, what is -11a78 + -a?
-11a87
In base 8, what is -24 + -300042?
-300066
In base 7, what is 2312001 + -3?
2311665
In base 2, what is 110110 + -1100111010?
-1100000100
In base 5, what is 240234 + 4?
240243
In base 2, what is -100 - 111101110011011101?
-111101110011100001
In base 5, what is -14300 + -1332?
-21132
In base 9, what is 45 + 13733?
13778
In base 15, what is 5 + cbcd?
cbd3
In base 10, what is 13986 + -39?
13947
In base 5, what is -244043 + 224?
-243314
In base 10, what is 4 - 415029?
-415025
In base 8, what is -173 + -605?
-1000
In base 2, what is -111100111011000011001 - 1?
-111100111011000011010
In base 9, what is 132814 + 4?
132818
In base 15, what is -92954 + 3?
-92951
In base 7, what is -1325 - 20?
-1345
In base 10, what is 2593 - -10?
2603
In base 10, what is -2513 - -7?
-2506
In base 8, what is 1044 + 276?
1342
In base 14, what is -234 - -184b?
1617
In base 6, what is 4 - 4102052?
-4102044
In base 5, what is -4210114 - 10?
-4210124
In base 15, what is c1c - -9?
c26
In base 11, what is 5 - 456463?
-456459
In base 6, what is 305 - -32145?
32454
In base 9, what is -65241 + 2?
-65238
In base 14, what is 4dc8 - -5?
4dcd
In base 16, what is 665 - -6?
66b
In base 9, what is -1382 - -330?
-1052
In base 2, what is -11111101 + -100010100010?
-100110011111
In base 3, what is 12111 - 21?
12020
In base 15, what is -66012 - -8?
-66009
In base 12, what is -5 - 31247?
-31250
In base 3, what is 2 - -2102200111110?
2102200111112
In base 4, what is -103322 - 1003310?
-1113232
In base 6, what is 1200541 - 5?
1200532
In base 3, what is 10 + -110200212202?
-110200212122
In base 9, what is 0 - 25618?
-25618
In base 7, what is 25166 + 11?
25210
In base 14, what is -4 - 9427?
-942b
In base 6, what is 124352344 - 1?
124352343
In base 6, what is -212 - -50021?
45405
In base 8, what is -20555 - 4?
-20561
In base 8, what is 214 - -670?
1104
In base 11, what is 4472 - 1a4?
4279
In base 2, what is 10 + -10011101110111?
-10011101110101
In base 12, what is -4b + 2a85?
2a36
In base 8, what is 557 + 7?
566
In base 14, what is 9aa4 - -7?
9aab
In base 12, what is -456a7 - -2?
-456a5
In base 15, what is 8 + 44718?
44721
In base 2, what is 11111100101 + -1011001?
11110001100
In base 6, what is 25323 + 50?
25413
In base 6, what is 5022 - -23?
5045
In base 5, what is 22113 + 310?
22423
In base 11, what is -3 - -3136?
3133
In base 4, what is -11 + -221121?
-221132
In base 13, what is -78 + -9c?
-147
In base 14, what is -49 + 1621?
15b6
In base 7, what is -302354 + -3?
-302360
In base 7, what is -114 + -10105?
-10222
In base 10, what is 7 - 23736?
-23729
In base 15, what is -10d + -15c?
-26a
In base 2, what is -1000010010 + -1?
-1000010011
In base 15, what is -21 + -1c0c?
-1c2d
In base 11, what is 1a53 - 0?
1a53
In base 10, what is -364874 - -1?
-364873
In base 5, what is 10 - -220030?
220040
In base 7, what is 5 + -5554?
-5546
In base 8, what is -2263 - 11?
-2274
In base 5, what is -14430131 + 10?
-14430121
In base 3, what is 121011112 + 10?
121011122
In base 7, what is -1340341 + -2?
-1340343
In base 10, what is 4621 - -5?
4626
In base 7, what is -162552 + -1?
-162553
In base 14, what is 7a + 468?
504
In base 12, what is 247 + 1144?
138b
In base 4, what is -12 - 111302221?
-111302233
In base 9, what is 40 - -105851?
106001
In base 6, what is 1 + -5035321?
-5035320
In base 4, what is -12 + -1003321?
-1003333
In base 10, what is -46512 - -10?
-46502
In base 14, what is -c3344 + 5?
-c333d
In base 5, what is -4 - -13114032?
13114023
In base 7, what is -320255 + 44?
-320211
In base 16, what is -1a44 + f?
-1a35
In base 10, what is -10 + 2902?
2892
In base 11, what is -23 + 34a?
327
In base 11, what is -443 + 2576?
2133
In base 11, what is -10 - -a503?
a4a3
In base 8, what is 2 + 6136515?
6136517
In base 2, what is -111 - 1101001010011001111?
-1101001010011010110
In base 11, what is 4 - 713167?
-713163
In base 10, what is -4 + 6253?
6249
In base 12, what is 35 - 11b?
-a6
In base 14, what is 30 + -3322?
-32d2
In base 13, what is -7 - -3545?
353b
In base 7, what is 4 + 23142?
23146
In base 11, what is 19 - -474?
492
In base 11, what is 41a - 37?
393
In base 15, what is -29c878 - -1?
-29c877
In base 6, what is -115423535 - -4?
-115423531
In base 7, what is 400236 + 0?
400236
In base 12, what is -3 + -7820?
-7823
In base 16, what is -f09 - 26f?
-1178
In base 4, what is 12 + -100303?
-100231
In base 7, what is 432526 - 4?
432522
In base 16, what is -5 - -2b13?
2b0e
In base 16, what is d67 - -1c?
d83
In base 16, what is -12f9 - 7f?
-1378
In base 7, what is -3 + 23404?
23401
In base 7, what is 16 - 3406340?
-3406321
In base 7, what is 310365 - 2?
310363
In base 14, what is 1 + -69a61?
-69a60
In base 16, what is -3e2 + -25?
-407
In base 11, what is -1229 - -12?
-1217
In base 6, what is -20254 - -433?
-15421
In base 5, what is 212 - 23022?
-22310
In base 9, what is 283 - -135?
428
In base 10, what is 1 - -42950?
42951
In base 2, what is 10 - -10011001111011111010?
10011001111011111100
In base 2, what is -100001010011011011 + 0?
-100001010011011011
In base 3, what is -1 + 110011100?
110011022
In base 14, what is -1 + -98702?
-98703
In base 4, what is 1103 - -1023220?
1030323
In base 14, what is -129b2 + 2?
-129b0
In base 6, what is 0 - 523454?
-523454
In base 2, what is -10111 - 11000110101110100?
-11000110110001011
In base 8, what is -2625 - 2?
-2627
In base 14, what is 82 + -215?
-173
In base 16, what is 5 + 58151?
58156
In base 3, what is 1011201122112 - -11?
1011201122200
In base 9, what is 7883 - -6?
8000
In base 9, what is -145 - -3027?
2772
In base 11, what is 1 - -25a29?
25a2a
In base 7, what is -46551 - 3?
-46554
In base 7, what is 3 - 22522?
-22516
In base 6, what is 3 - -12104255?
12104302
In base 12, what is 3b142 + -5?
3b139
In base 10, what is 618873 - 1?
618872
In base 9, what is 206 - -208?
415
In base 4, what is -1021022021 - -33?
-1021021322
In base 2, what is -1 + -1010111001001110?
-1010111001001111
In base 12, what is -1bb66 + 3?
-1bb63
In base 15, what is -14d2 + 18?
-14b9
In base 13, what is -8 + 8b078?
8b070
In base 9, what is 34 + 24572?
24616
In base 9, what is 16555 - 10?
16545
In base 16, what is 1271b - 14?
12707
In base 5, what is -10 + -120133?
-120143
In base 5, what is 2 - 21121102?
-21121100
In base 4, what is -1 - -2212100?
2212033
In base 2, what is -11101010000010 - 10?
-11101010000100
In base 3, what is -1 + -2102011001110?
-2102011001111
In base 3, what is 120 + -120200100022?
-120200022202
In base 2, what is -10011100110111010 + -1010?
-10011100111000100
In base 7, what is 1 + -204123?
-204122
In base 5, what is 12202 - 4?
12143
In base 4, what is 3021233 + -2?
3021231
In base 9, what is 65311 - 3?
65307
In base 4, what is 22332 + 2321?
31313
In base 5, what is -3043433 - 3?
-3043441
In base 13, what is 147cb + -4?
147c7
In base 7, what is 160 + -43011?
-42521
In base 12, what is -2 + 8b247?
8b245
In base 2, what is -10000110000001101011110 + 101?
-10000110000001101011001
In base 2, what is 11010 - -11001110011011?
11001110110101
In base 2, what is 1011 - 11101010000010001?
-11101010000000110
In base 7, what is -122100 + 4?
-122063
In base 3, what is -12 + 122122221?
122122202
In base 6, what is -503431550 + -3?
-503431553
In base 15, what is -132 + -1aa?
-2dc
In base 4, what is -1111 + 3332303?
3331132
In base 12, what is 230 + -20?
210
In base 10, what is -62 - -100?
38
In base 11, what is 82a0 - 6?
8295
In base 7, what is -2045 + -14044?
-16122
In base 6, what is 30440 - 3021?
23415
In base 4, what is -13233300 + 0?
-13233300
In base 4, what is 101030313212 - -2?
101030313220
In base 9, what is -35684 + 6?
-35677
In base 4, what is 130130 + 200?
130330
In base 9, what is -1 - 12326?
-12327
In base 11, what is 0 - -15942?
15942
In base 13, what is -6bb - 47c?
-b6a
In base 10, what is 12941 - 5?
12936
In base 13, what is 8070 + 3?